{"id":13,"date":"2023-08-31T19:40:24","date_gmt":"2023-08-31T19:40:24","guid":{"rendered":"https:\/\/g3m.mx\/home\/?page_id=13"},"modified":"2024-06-05T17:40:29","modified_gmt":"2024-06-05T17:40:29","slug":"catalogo","status":"publish","type":"page","link":"https:\/\/g3m.mx\/home\/index.php\/catalogo\/","title":{"rendered":"Cat\u00e1logo"},"content":{"rendered":"\t\t<div data-elementor-type=\"wp-page\" data-elementor-id=\"13\" class=\"elementor elementor-13\">\n\t\t\t\t<div class=\"elementor-element elementor-element-5401dafe e-grid e-con-full e-con e-parent\" data-id=\"5401dafe\" data-element_type=\"container\" data-e-type=\"container\">\n\t\t\t\t<div class=\"elementor-element elementor-element-4fc5257c elementor-widget elementor-widget-image\" data-id=\"4fc5257c\" data-element_type=\"widget\" data-e-type=\"widget\" data-widget_type=\"image.default\">\n\t\t\t\t<div class=\"elementor-widget-container\">\n\t\t\t\t\t\t\t\t\t\t\t\t\t\t\t<img fetchpriority=\"high\" decoding=\"async\" width=\"1024\" height=\"379\" src=\"https:\/\/g3m.mx\/home\/wp-content\/uploads\/2024\/03\/Banner-G3M-Nosotros-1024x379.png\" class=\"attachment-large size-large wp-image-188\" alt=\"\" srcset=\"https:\/\/g3m.mx\/home\/wp-content\/uploads\/2024\/03\/Banner-G3M-Nosotros-1024x379.png 1024w, https:\/\/g3m.mx\/home\/wp-content\/uploads\/2024\/03\/Banner-G3M-Nosotros-300x111.png 300w, https:\/\/g3m.mx\/home\/wp-content\/uploads\/2024\/03\/Banner-G3M-Nosotros-768x284.png 768w, https:\/\/g3m.mx\/home\/wp-content\/uploads\/2024\/03\/Banner-G3M-Nosotros-1536x569.png 1536w, https:\/\/g3m.mx\/home\/wp-content\/uploads\/2024\/03\/Banner-G3M-Nosotros-2048x758.png 2048w\" sizes=\"(max-width: 1024px) 100vw, 1024px\" \/>\t\t\t\t\t\t\t\t\t\t\t\t\t\t\t<\/div>\n\t\t\t\t<\/div>\n\t\t\t\t<\/div>\n\t\t<div class=\"elementor-element elementor-element-5ac57456 e-flex e-con-boxed e-con e-parent\" data-id=\"5ac57456\" data-element_type=\"container\" data-e-type=\"container\">\n\t\t\t\t\t<div class=\"e-con-inner\">\n\t\t\t\t<div class=\"elementor-element elementor-element-2aec71f5 elementor-widget elementor-widget-text-editor\" data-id=\"2aec71f5\" data-element_type=\"widget\" data-e-type=\"widget\" data-widget_type=\"text-editor.default\">\n\t\t\t\t<div class=\"elementor-widget-container\">\n\t\t\t\t\t\t\t\t\t<p><strong>En G3M, nos enorgullecemos de ser tu proveedor integral de soluciones de sellado hidr\u00e1ulico y neum\u00e1tico.<\/strong><\/p><p>\u00a0Nuestra selecci\u00f3n de productos es el reflejo de m\u00e1s de <strong>14 a\u00f1os de compromiso con la calidad y la innovaci\u00f3n.<\/strong> Desde sellos industriales hasta tubos y barras, cada art\u00edculo de nuestro cat\u00e1logo est\u00e1 dise\u00f1ado para ofrecer rendimiento y fiabilidad inigualables.<\/p><p>Explora nuestras categor\u00edas especializadas, que incluyen kits de reparaci\u00f3n para camiones de volteo, limpiadores, poliseals y Loccite. Cada producto que ofrecemos ha sido seleccionado y probado para <strong>cumplir con los est\u00e1ndares m\u00e1s exigentes del mercado.<\/strong> Con una amplia variedad de art\u00edculos importados y nacionales, nos aseguramos de que encuentres exactamente lo que necesitas para mantener tus operaciones funcionando sin problemas.<\/p><p><strong>Conf\u00eda en nuestra experiencia y d\u00e9janos ser el aliado estrat\u00e9gico que garantiza la m\u00e1xima eficiencia de tus maquinarias y proyectos.<\/strong> \u00a1Explora nuestra gama de productos y permite que nuestra calidad hable por s\u00ed misma!<\/p>\t\t\t\t\t\t\t\t<\/div>\n\t\t\t\t<\/div>\n\t\t\t\t\t<\/div>\n\t\t\t\t<\/div>\n\t\t<div class=\"elementor-element elementor-element-643b010d e-flex e-con-boxed e-con e-parent\" data-id=\"643b010d\" data-element_type=\"container\" data-e-type=\"container\">\n\t\t\t\t\t<div class=\"e-con-inner\">\n\t\t\t\t<div class=\"elementor-element elementor-element-5dbf474b elementor-widget elementor-widget-heading\" data-id=\"5dbf474b\" data-element_type=\"widget\" data-e-type=\"widget\" data-widget_type=\"heading.default\">\n\t\t\t\t<div class=\"elementor-widget-container\">\n\t\t\t\t\t<h1 class=\"elementor-heading-title elementor-size-default\">Nuestros Productos<\/h1>\t\t\t\t<\/div>\n\t\t\t\t<\/div>\n\t\t\t\t\t<\/div>\n\t\t\t\t<\/div>\n\t\t<div class=\"elementor-element elementor-element-7195946c e-flex e-con-boxed e-con e-parent\" data-id=\"7195946c\" data-element_type=\"container\" data-e-type=\"container\" data-settings=\"{&quot;background_background&quot;:&quot;classic&quot;}\">\n\t\t\t\t\t<div class=\"e-con-inner\">\n\t\t<div class=\"elementor-element elementor-element-3529ccd e-grid e-con-boxed e-con e-child\" data-id=\"3529ccd\" data-element_type=\"container\" data-e-type=\"container\">\n\t\t\t\t\t<div class=\"e-con-inner\">\n\t\t\t\t<div class=\"elementor-element elementor-element-3f89137 elementor-widget elementor-widget-image\" data-id=\"3f89137\" data-element_type=\"widget\" data-e-type=\"widget\" data-widget_type=\"image.default\">\n\t\t\t\t<div class=\"elementor-widget-container\">\n\t\t\t\t\t\t\t\t\t\t\t\t\t\t\t\t<a href=\"https:\/\/g3m.mx\/home\/index.php\/orings-cordones-y-respaldos\/\">\n\t\t\t\t\t\t\t<img decoding=\"async\" width=\"1024\" height=\"576\" src=\"https:\/\/g3m.mx\/home\/wp-content\/uploads\/2024\/05\/1-9-1024x576.jpg\" class=\"attachment-large size-large wp-image-414\" alt=\"\" srcset=\"https:\/\/g3m.mx\/home\/wp-content\/uploads\/2024\/05\/1-9-1024x576.jpg 1024w, https:\/\/g3m.mx\/home\/wp-content\/uploads\/2024\/05\/1-9-300x169.jpg 300w, https:\/\/g3m.mx\/home\/wp-content\/uploads\/2024\/05\/1-9-768x432.jpg 768w, https:\/\/g3m.mx\/home\/wp-content\/uploads\/2024\/05\/1-9-1536x864.jpg 1536w, https:\/\/g3m.mx\/home\/wp-content\/uploads\/2024\/05\/1-9.jpg 1920w\" sizes=\"(max-width: 1024px) 100vw, 1024px\" \/>\t\t\t\t\t\t\t\t<\/a>\n\t\t\t\t\t\t\t\t\t\t\t\t\t\t\t<\/div>\n\t\t\t\t<\/div>\n\t\t\t\t<div class=\"elementor-element elementor-element-c1951c0 elementor-widget elementor-widget-image\" data-id=\"c1951c0\" data-element_type=\"widget\" data-e-type=\"widget\" data-widget_type=\"image.default\">\n\t\t\t\t<div class=\"elementor-widget-container\">\n\t\t\t\t\t\t\t\t\t\t\t\t\t\t\t\t<a href=\"https:\/\/g3m.mx\/home\/index.php\/retenes-y-v-rings\/\">\n\t\t\t\t\t\t\t<img decoding=\"async\" width=\"1024\" height=\"576\" src=\"https:\/\/g3m.mx\/home\/wp-content\/uploads\/2024\/05\/2-9-1024x576.jpg\" class=\"attachment-large size-large wp-image-415\" alt=\"\" srcset=\"https:\/\/g3m.mx\/home\/wp-content\/uploads\/2024\/05\/2-9-1024x576.jpg 1024w, https:\/\/g3m.mx\/home\/wp-content\/uploads\/2024\/05\/2-9-300x169.jpg 300w, https:\/\/g3m.mx\/home\/wp-content\/uploads\/2024\/05\/2-9-768x432.jpg 768w, https:\/\/g3m.mx\/home\/wp-content\/uploads\/2024\/05\/2-9-1536x864.jpg 1536w, https:\/\/g3m.mx\/home\/wp-content\/uploads\/2024\/05\/2-9.jpg 1920w\" sizes=\"(max-width: 1024px) 100vw, 1024px\" \/>\t\t\t\t\t\t\t\t<\/a>\n\t\t\t\t\t\t\t\t\t\t\t\t\t\t\t<\/div>\n\t\t\t\t<\/div>\n\t\t\t\t<div class=\"elementor-element elementor-element-a3f521d elementor-widget elementor-widget-image\" data-id=\"a3f521d\" data-element_type=\"widget\" data-e-type=\"widget\" data-widget_type=\"image.default\">\n\t\t\t\t<div class=\"elementor-widget-container\">\n\t\t\t\t\t\t\t\t\t\t\t\t\t\t\t\t<a href=\"https:\/\/g3m.mx\/home\/index.php\/limpiadores\/\">\n\t\t\t\t\t\t\t<img loading=\"lazy\" decoding=\"async\" width=\"1024\" height=\"576\" src=\"https:\/\/g3m.mx\/home\/wp-content\/uploads\/2024\/05\/3-5-1024x576.jpg\" class=\"attachment-large size-large wp-image-416\" alt=\"\" srcset=\"https:\/\/g3m.mx\/home\/wp-content\/uploads\/2024\/05\/3-5-1024x576.jpg 1024w, https:\/\/g3m.mx\/home\/wp-content\/uploads\/2024\/05\/3-5-300x169.jpg 300w, https:\/\/g3m.mx\/home\/wp-content\/uploads\/2024\/05\/3-5-768x432.jpg 768w, https:\/\/g3m.mx\/home\/wp-content\/uploads\/2024\/05\/3-5-1536x864.jpg 1536w, https:\/\/g3m.mx\/home\/wp-content\/uploads\/2024\/05\/3-5.jpg 1920w\" sizes=\"(max-width: 1024px) 100vw, 1024px\" \/>\t\t\t\t\t\t\t\t<\/a>\n\t\t\t\t\t\t\t\t\t\t\t\t\t\t\t<\/div>\n\t\t\t\t<\/div>\n\t\t\t\t<div class=\"elementor-element elementor-element-1d366d9 elementor-widget elementor-widget-image\" data-id=\"1d366d9\" data-element_type=\"widget\" data-e-type=\"widget\" data-widget_type=\"image.default\">\n\t\t\t\t<div class=\"elementor-widget-container\">\n\t\t\t\t\t\t\t\t\t\t\t\t\t\t\t\t<a href=\"https:\/\/g3m.mx\/home\/index.php\/sellos-para-vastago\/\">\n\t\t\t\t\t\t\t<img loading=\"lazy\" decoding=\"async\" width=\"1024\" height=\"576\" src=\"https:\/\/g3m.mx\/home\/wp-content\/uploads\/2024\/05\/4-5-1024x576.jpg\" class=\"attachment-large size-large wp-image-417\" alt=\"\" srcset=\"https:\/\/g3m.mx\/home\/wp-content\/uploads\/2024\/05\/4-5-1024x576.jpg 1024w, https:\/\/g3m.mx\/home\/wp-content\/uploads\/2024\/05\/4-5-300x169.jpg 300w, https:\/\/g3m.mx\/home\/wp-content\/uploads\/2024\/05\/4-5-768x432.jpg 768w, https:\/\/g3m.mx\/home\/wp-content\/uploads\/2024\/05\/4-5-1536x864.jpg 1536w, https:\/\/g3m.mx\/home\/wp-content\/uploads\/2024\/05\/4-5.jpg 1920w\" sizes=\"(max-width: 1024px) 100vw, 1024px\" \/>\t\t\t\t\t\t\t\t<\/a>\n\t\t\t\t\t\t\t\t\t\t\t\t\t\t\t<\/div>\n\t\t\t\t<\/div>\n\t\t\t\t<div class=\"elementor-element elementor-element-b4ef250 elementor-widget elementor-widget-image\" data-id=\"b4ef250\" data-element_type=\"widget\" data-e-type=\"widget\" data-widget_type=\"image.default\">\n\t\t\t\t<div class=\"elementor-widget-container\">\n\t\t\t\t\t\t\t\t\t\t\t\t\t\t\t\t<a href=\"https:\/\/g3m.mx\/home\/index.php\/sellos-para-embolo\/\">\n\t\t\t\t\t\t\t<img loading=\"lazy\" decoding=\"async\" width=\"1024\" height=\"576\" src=\"https:\/\/g3m.mx\/home\/wp-content\/uploads\/2024\/05\/5-2-1024x576.jpg\" class=\"attachment-large size-large wp-image-418\" alt=\"\" srcset=\"https:\/\/g3m.mx\/home\/wp-content\/uploads\/2024\/05\/5-2-1024x576.jpg 1024w, https:\/\/g3m.mx\/home\/wp-content\/uploads\/2024\/05\/5-2-300x169.jpg 300w, https:\/\/g3m.mx\/home\/wp-content\/uploads\/2024\/05\/5-2-768x432.jpg 768w, https:\/\/g3m.mx\/home\/wp-content\/uploads\/2024\/05\/5-2-1536x864.jpg 1536w, https:\/\/g3m.mx\/home\/wp-content\/uploads\/2024\/05\/5-2.jpg 1920w\" sizes=\"(max-width: 1024px) 100vw, 1024px\" \/>\t\t\t\t\t\t\t\t<\/a>\n\t\t\t\t\t\t\t\t\t\t\t\t\t\t\t<\/div>\n\t\t\t\t<\/div>\n\t\t\t\t<div class=\"elementor-element elementor-element-b86c5f3 elementor-widget elementor-widget-image\" data-id=\"b86c5f3\" data-element_type=\"widget\" data-e-type=\"widget\" data-widget_type=\"image.default\">\n\t\t\t\t<div class=\"elementor-widget-container\">\n\t\t\t\t\t\t\t\t\t\t\t\t\t\t\t\t<a href=\"https:\/\/g3m.mx\/home\/index.php\/sellos-simetricos\/\">\n\t\t\t\t\t\t\t<img loading=\"lazy\" decoding=\"async\" width=\"1024\" height=\"576\" src=\"https:\/\/g3m.mx\/home\/wp-content\/uploads\/2024\/05\/6-2-1024x576.jpg\" class=\"attachment-large size-large wp-image-419\" alt=\"\" srcset=\"https:\/\/g3m.mx\/home\/wp-content\/uploads\/2024\/05\/6-2-1024x576.jpg 1024w, https:\/\/g3m.mx\/home\/wp-content\/uploads\/2024\/05\/6-2-300x169.jpg 300w, https:\/\/g3m.mx\/home\/wp-content\/uploads\/2024\/05\/6-2-768x432.jpg 768w, https:\/\/g3m.mx\/home\/wp-content\/uploads\/2024\/05\/6-2-1536x864.jpg 1536w, https:\/\/g3m.mx\/home\/wp-content\/uploads\/2024\/05\/6-2.jpg 1920w\" sizes=\"(max-width: 1024px) 100vw, 1024px\" \/>\t\t\t\t\t\t\t\t<\/a>\n\t\t\t\t\t\t\t\t\t\t\t\t\t\t\t<\/div>\n\t\t\t\t<\/div>\n\t\t\t\t<div class=\"elementor-element elementor-element-de0b846 elementor-widget elementor-widget-image\" data-id=\"de0b846\" data-element_type=\"widget\" data-e-type=\"widget\" data-widget_type=\"image.default\">\n\t\t\t\t<div class=\"elementor-widget-container\">\n\t\t\t\t\t\t\t\t\t\t\t\t\t\t\t\t<a href=\"https:\/\/g3m.mx\/home\/index.php\/guias-de-desgaste\/\">\n\t\t\t\t\t\t\t<img loading=\"lazy\" decoding=\"async\" width=\"1024\" height=\"576\" src=\"https:\/\/g3m.mx\/home\/wp-content\/uploads\/2024\/05\/7-2-1024x576.jpg\" class=\"attachment-large size-large wp-image-420\" alt=\"\" srcset=\"https:\/\/g3m.mx\/home\/wp-content\/uploads\/2024\/05\/7-2-1024x576.jpg 1024w, https:\/\/g3m.mx\/home\/wp-content\/uploads\/2024\/05\/7-2-300x169.jpg 300w, https:\/\/g3m.mx\/home\/wp-content\/uploads\/2024\/05\/7-2-768x432.jpg 768w, https:\/\/g3m.mx\/home\/wp-content\/uploads\/2024\/05\/7-2-1536x864.jpg 1536w, https:\/\/g3m.mx\/home\/wp-content\/uploads\/2024\/05\/7-2.jpg 1920w\" sizes=\"(max-width: 1024px) 100vw, 1024px\" \/>\t\t\t\t\t\t\t\t<\/a>\n\t\t\t\t\t\t\t\t\t\t\t\t\t\t\t<\/div>\n\t\t\t\t<\/div>\n\t\t\t\t<div class=\"elementor-element elementor-element-ea8259d elementor-widget elementor-widget-image\" data-id=\"ea8259d\" data-element_type=\"widget\" data-e-type=\"widget\" data-widget_type=\"image.default\">\n\t\t\t\t<div class=\"elementor-widget-container\">\n\t\t\t\t\t\t\t\t\t\t\t\t\t\t\t\t<a href=\"https:\/\/g3m.mx\/home\/index.php\/kits-de-maquinaria-pesada\/\">\n\t\t\t\t\t\t\t<img loading=\"lazy\" decoding=\"async\" width=\"1024\" height=\"576\" src=\"https:\/\/g3m.mx\/home\/wp-content\/uploads\/2024\/05\/8-2-1024x576.jpg\" class=\"attachment-large size-large wp-image-421\" alt=\"\" srcset=\"https:\/\/g3m.mx\/home\/wp-content\/uploads\/2024\/05\/8-2-1024x576.jpg 1024w, https:\/\/g3m.mx\/home\/wp-content\/uploads\/2024\/05\/8-2-300x169.jpg 300w, https:\/\/g3m.mx\/home\/wp-content\/uploads\/2024\/05\/8-2-768x432.jpg 768w, https:\/\/g3m.mx\/home\/wp-content\/uploads\/2024\/05\/8-2-1536x864.jpg 1536w, https:\/\/g3m.mx\/home\/wp-content\/uploads\/2024\/05\/8-2.jpg 1920w\" sizes=\"(max-width: 1024px) 100vw, 1024px\" \/>\t\t\t\t\t\t\t\t<\/a>\n\t\t\t\t\t\t\t\t\t\t\t\t\t\t\t<\/div>\n\t\t\t\t<\/div>\n\t\t\t\t<div class=\"elementor-element elementor-element-4f3706d elementor-widget elementor-widget-image\" data-id=\"4f3706d\" data-element_type=\"widget\" data-e-type=\"widget\" data-widget_type=\"image.default\">\n\t\t\t\t<div class=\"elementor-widget-container\">\n\t\t\t\t\t\t\t\t\t\t\t\t\t\t\t\t<a href=\"https:\/\/g3m.mx\/home\/index.php\/tubo-y-barra\/\">\n\t\t\t\t\t\t\t<img loading=\"lazy\" decoding=\"async\" width=\"1024\" height=\"576\" src=\"https:\/\/g3m.mx\/home\/wp-content\/uploads\/2024\/05\/9-2-1024x576.jpg\" class=\"attachment-large size-large wp-image-422\" alt=\"\" srcset=\"https:\/\/g3m.mx\/home\/wp-content\/uploads\/2024\/05\/9-2-1024x576.jpg 1024w, https:\/\/g3m.mx\/home\/wp-content\/uploads\/2024\/05\/9-2-300x169.jpg 300w, https:\/\/g3m.mx\/home\/wp-content\/uploads\/2024\/05\/9-2-768x432.jpg 768w, https:\/\/g3m.mx\/home\/wp-content\/uploads\/2024\/05\/9-2-1536x864.jpg 1536w, https:\/\/g3m.mx\/home\/wp-content\/uploads\/2024\/05\/9-2.jpg 1920w\" sizes=\"(max-width: 1024px) 100vw, 1024px\" \/>\t\t\t\t\t\t\t\t<\/a>\n\t\t\t\t\t\t\t\t\t\t\t\t\t\t\t<\/div>\n\t\t\t\t<\/div>\n\t\t\t\t<div class=\"elementor-element elementor-element-ca81147 elementor-widget elementor-widget-image\" data-id=\"ca81147\" data-element_type=\"widget\" data-e-type=\"widget\" data-widget_type=\"image.default\">\n\t\t\t\t<div class=\"elementor-widget-container\">\n\t\t\t\t\t\t\t\t\t\t\t\t\t\t\t\t<a href=\"https:\/\/g3m.mx\/home\/index.php\/otros-productos\/\">\n\t\t\t\t\t\t\t<img loading=\"lazy\" decoding=\"async\" width=\"1024\" height=\"576\" src=\"https:\/\/g3m.mx\/home\/wp-content\/uploads\/2024\/05\/10-1-1024x576.jpg\" class=\"attachment-large size-large wp-image-423\" alt=\"\" srcset=\"https:\/\/g3m.mx\/home\/wp-content\/uploads\/2024\/05\/10-1-1024x576.jpg 1024w, https:\/\/g3m.mx\/home\/wp-content\/uploads\/2024\/05\/10-1-300x169.jpg 300w, https:\/\/g3m.mx\/home\/wp-content\/uploads\/2024\/05\/10-1-768x432.jpg 768w, https:\/\/g3m.mx\/home\/wp-content\/uploads\/2024\/05\/10-1-1536x864.jpg 1536w, https:\/\/g3m.mx\/home\/wp-content\/uploads\/2024\/05\/10-1.jpg 1920w\" sizes=\"(max-width: 1024px) 100vw, 1024px\" \/>\t\t\t\t\t\t\t\t<\/a>\n\t\t\t\t\t\t\t\t\t\t\t\t\t\t\t<\/div>\n\t\t\t\t<\/div>\n\t\t\t\t\t<\/div>\n\t\t\t\t<\/div>\n\t\t\t\t\t<\/div>\n\t\t\t\t<\/div>\n\t\t<div class=\"elementor-element elementor-element-69e4b9de e-grid e-con-boxed e-con e-parent\" data-id=\"69e4b9de\" data-element_type=\"container\" data-e-type=\"container\" data-settings=\"{&quot;background_background&quot;:&quot;classic&quot;}\">\n\t\t\t\t\t<div class=\"e-con-inner\">\n\t\t\t\t<div class=\"elementor-element elementor-element-75e6b272 elementor-widget elementor-widget-heading\" data-id=\"75e6b272\" data-element_type=\"widget\" data-e-type=\"widget\" data-widget_type=\"heading.default\">\n\t\t\t\t<div class=\"elementor-widget-container\">\n\t\t\t\t\t<h2 class=\"elementor-heading-title elementor-size-default\">Quiero recibir una cotizaci\u00f3n.<\/h2>\t\t\t\t<\/div>\n\t\t\t\t<\/div>\n\t\t\t\t<div class=\"elementor-element elementor-element-2ad83f94 elementor-align-right elementor-widget elementor-widget-button\" data-id=\"2ad83f94\" data-element_type=\"widget\" data-e-type=\"widget\" data-widget_type=\"button.default\">\n\t\t\t\t<div class=\"elementor-widget-container\">\n\t\t\t\t\t\t\t\t\t<div class=\"elementor-button-wrapper\">\n\t\t\t\t\t<a class=\"elementor-button elementor-button-link elementor-size-sm\" href=\"https:\/\/g3m.mx\/home\/index.php\/catalogo\/\">\n\t\t\t\t\t\t<span class=\"elementor-button-content-wrapper\">\n\t\t\t\t\t\t\t\t\t<span class=\"elementor-button-text\">\u00a1Cont\u00e1ctanos!<\/span>\n\t\t\t\t\t<\/span>\n\t\t\t\t\t<\/a>\n\t\t\t\t<\/div>\n\t\t\t\t\t\t\t\t<\/div>\n\t\t\t\t<\/div>\n\t\t\t\t\t<\/div>\n\t\t\t\t<\/div>\n\t\t\t\t<\/div>\n\t\t","protected":false},"excerpt":{"rendered":"<p>En G3M, nos enorgullecemos de ser tu proveedor integral de soluciones de sellado hidr\u00e1ulico y neum\u00e1tico. \u00a0Nuestra selecci\u00f3n de productos es el reflejo de m\u00e1s de 14 a\u00f1os de compromiso con la calidad y la innovaci\u00f3n. Desde sellos industriales hasta tubos y barras, cada art\u00edculo de nuestro cat\u00e1logo est\u00e1 dise\u00f1ado para ofrecer rendimiento y fiabilidad [&hellip;]<\/p>\n","protected":false},"author":1,"featured_media":0,"parent":0,"menu_order":0,"comment_status":"closed","ping_status":"closed","template":"","meta":{"site-sidebar-layout":"no-sidebar","site-content-layout":"","ast-site-content-layout":"full-width-container","site-content-style":"default","site-sidebar-style":"default","ast-global-header-display":"","ast-banner-title-visibility":"","ast-main-header-display":"","ast-hfb-above-header-display":"","ast-hfb-below-header-display":"","ast-hfb-mobile-header-display":"","site-post-title":"disabled","ast-breadcrumbs-content":"","ast-featured-img":"disabled","footer-sml-layout":"","theme-transparent-header-meta":"","adv-header-id-meta":"","stick-header-meta":"","header-above-stick-meta":"","header-main-stick-meta":"","header-below-stick-meta":"","astra-migrate-meta-layouts":"default","ast-page-background-enabled":"default","ast-page-background-meta":{"desktop":{"background-color":"var(--ast-global-color-4)","background-image":"","background-repeat":"repeat","background-position":"center center","background-size":"auto","background-attachment":"scroll","background-type":"","background-media":"","overlay-type":"","overlay-color":"","overlay-opacity":"","overlay-gradient":""},"tablet":{"background-color":"","background-image":"","background-repeat":"repeat","background-position":"center center","background-size":"auto","background-attachment":"scroll","background-type":"","background-media":"","overlay-type":"","overlay-color":"","overlay-opacity":"","overlay-gradient":""},"mobile":{"background-color":"","background-image":"","background-repeat":"repeat","background-position":"center center","background-size":"auto","background-attachment":"scroll","background-type":"","background-media":"","overlay-type":"","overlay-color":"","overlay-opacity":"","overlay-gradient":""}},"ast-content-background-meta":{"desktop":{"background-color":"var(--ast-global-color-5)","background-image":"","background-repeat":"repeat","background-position":"center center","background-size":"auto","background-attachment":"scroll","background-type":"","background-media":"","overlay-type":"","overlay-color":"","overlay-opacity":"","overlay-gradient":""},"tablet":{"background-color":"var(--ast-global-color-5)","background-image":"","background-repeat":"repeat","background-position":"center center","background-size":"auto","background-attachment":"scroll","background-type":"","background-media":"","overlay-type":"","overlay-color":"","overlay-opacity":"","overlay-gradient":""},"mobile":{"background-color":"var(--ast-global-color-5)","background-image":"","background-repeat":"repeat","background-position":"center center","background-size":"auto","background-attachment":"scroll","background-type":"","background-media":"","overlay-type":"","overlay-color":"","overlay-opacity":"","overlay-gradient":""}},"footnotes":""},"class_list":["post-13","page","type-page","status-publish","hentry"],"jetpack_sharing_enabled":true,"_links":{"self":[{"href":"https:\/\/g3m.mx\/home\/index.php\/wp-json\/wp\/v2\/pages\/13","targetHints":{"allow":["GET"]}}],"collection":[{"href":"https:\/\/g3m.mx\/home\/index.php\/wp-json\/wp\/v2\/pages"}],"about":[{"href":"https:\/\/g3m.mx\/home\/index.php\/wp-json\/wp\/v2\/types\/page"}],"author":[{"embeddable":true,"href":"https:\/\/g3m.mx\/home\/index.php\/wp-json\/wp\/v2\/users\/1"}],"replies":[{"embeddable":true,"href":"https:\/\/g3m.mx\/home\/index.php\/wp-json\/wp\/v2\/comments?post=13"}],"version-history":[{"count":22,"href":"https:\/\/g3m.mx\/home\/index.php\/wp-json\/wp\/v2\/pages\/13\/revisions"}],"predecessor-version":[{"id":603,"href":"https:\/\/g3m.mx\/home\/index.php\/wp-json\/wp\/v2\/pages\/13\/revisions\/603"}],"wp:attachment":[{"href":"https:\/\/g3m.mx\/home\/index.php\/wp-json\/wp\/v2\/media?parent=13"}],"curies":[{"name":"wp","href":"https:\/\/api.w.org\/{rel}","templated":true}]}}